{"id":702,"date":"2022-04-08T12:53:52","date_gmt":"2022-04-08T12:53:52","guid":{"rendered":"https:\/\/sislam.pa.gov.br\/?page_id=702"},"modified":"2022-05-13T19:03:33","modified_gmt":"2022-05-13T19:03:33","slug":"material-de-apoio","status":"publish","type":"page","link":"https:\/\/sislam.pa.gov.br\/index.php\/material-de-apoio\/","title":{"rendered":"Material de Apoio"},"content":{"rendered":"\t\t<div data-elementor-type=\"wp-page\" data-elementor-id=\"702\" class=\"elementor elementor-702\" data-elementor-settings=\"[]\">\n\t\t\t\t\t\t\t<div class=\"elementor-section-wrap\">\n\t\t\t\t\t\t\t<section class=\"elementor-section elementor-top-section elementor-element elementor-element-31d32ab elementor-section-boxed elementor-section-height-default elementor-section-height-default\" data-id=\"31d32ab\" data-element_type=\"section\" data-settings=\"{&quot;background_background&quot;:&quot;classic&quot;,&quot;_ha_eqh_enable&quot;:false}\">\n\t\t\t\t\t\t<div class=\"elementor-container elementor-column-gap-default\">\n\t\t\t\t\t<div class=\"elementor-column elementor-col-100 elementor-top-column elementor-element elementor-element-25a6f42\" data-id=\"25a6f42\" data-element_type=\"column\">\n\t\t\t<div class=\"elementor-widget-wrap elementor-element-populated\">\n\t\t\t\t\t\t\t\t<div class=\"elementor-element elementor-element-c62bfb2 elementor-widget elementor-widget-heading\" data-id=\"c62bfb2\" data-element_type=\"widget\" data-widget_type=\"heading.default\">\n\t\t\t\t<div class=\"elementor-widget-container\">\n\t\t\t<style>\/*! elementor - v3.5.5 - 03-02-2022 *\/\n.elementor-heading-title{padding:0;margin:0;line-height:1}.elementor-widget-heading .elementor-heading-title[class*=elementor-size-]>a{color:inherit;font-size:inherit;line-height:inherit}.elementor-widget-heading .elementor-heading-title.elementor-size-small{font-size:15px}.elementor-widget-heading .elementor-heading-title.elementor-size-medium{font-size:19px}.elementor-widget-heading .elementor-heading-title.elementor-size-large{font-size:29px}.elementor-widget-heading .elementor-heading-title.elementor-size-xl{font-size:39px}.elementor-widget-heading .elementor-heading-title.elementor-size-xxl{font-size:59px}<\/style><h2 class=\"elementor-heading-title elementor-size-default\">Material de Apoio<\/h2>\t\t<\/div>\n\t\t\t\t<\/div>\n\t\t\t\t\t<\/div>\n\t\t<\/div>\n\t\t\t\t\t\t\t<\/div>\n\t\t<\/section>\n\t\t\t\t<section class=\"elementor-section elementor-top-section elementor-element elementor-element-4285aa1 elementor-section-boxed elementor-section-height-default elementor-section-height-default\" data-id=\"4285aa1\" data-element_type=\"section\" data-settings=\"{&quot;_ha_eqh_enable&quot;:false}\">\n\t\t\t\t\t\t<div class=\"elementor-container elementor-column-gap-default\">\n\t\t\t\t\t<div class=\"elementor-column elementor-col-100 elementor-top-column elementor-element elementor-element-d785a89\" data-id=\"d785a89\" data-element_type=\"column\">\n\t\t\t<div class=\"elementor-widget-wrap elementor-element-populated\">\n\t\t\t\t\t\t\t\t<div class=\"elementor-element elementor-element-23b1e3a elementor-widget elementor-widget-image\" data-id=\"23b1e3a\" data-element_type=\"widget\" data-widget_type=\"image.default\">\n\t\t\t\t<div class=\"elementor-widget-container\">\n\t\t\t<style>\/*! elementor - v3.5.5 - 03-02-2022 *\/\n.elementor-widget-image{text-align:center}.elementor-widget-image a{display:inline-block}.elementor-widget-image a img[src$=\".svg\"]{width:48px}.elementor-widget-image img{vertical-align:middle;display:inline-block}<\/style>\t\t\t\t\t\t\t\t\t\t\t\t\t<a href=\"https:\/\/sislam.pa.gov.br\/wp-content\/uploads\/2022\/02\/Apresentacao-SISLAM-wecompress.com_.ppsx\">\n\t\t\t\t\t\t\t<img loading=\"lazy\" decoding=\"async\" width=\"150\" height=\"150\" src=\"https:\/\/sislam.pa.gov.br\/wp-content\/uploads\/2022\/02\/ppt-150x150.png\" class=\"attachment-thumbnail size-thumbnail\" alt=\"\" \/>\t\t\t\t\t\t\t\t<\/a>\n\t\t\t\t\t\t\t\t\t\t\t\t\t\t\t<\/div>\n\t\t\t\t<\/div>\n\t\t\t\t\t<\/div>\n\t\t<\/div>\n\t\t\t\t\t\t\t<\/div>\n\t\t<\/section>\n\t\t\t\t<section class=\"elementor-section elementor-top-section elementor-element elementor-element-3134cd7 elementor-section-boxed elementor-section-height-default elementor-section-height-default\" data-id=\"3134cd7\" data-element_type=\"section\" data-settings=\"{&quot;_ha_eqh_enable&quot;:false}\">\n\t\t\t\t\t\t<div class=\"elementor-container elementor-column-gap-default\">\n\t\t\t\t\t<div class=\"elementor-column elementor-col-100 elementor-top-column elementor-element elementor-element-7be8c76\" data-id=\"7be8c76\" data-element_type=\"column\">\n\t\t\t<div class=\"elementor-widget-wrap elementor-element-populated\">\n\t\t\t\t\t\t\t\t<div class=\"elementor-element elementor-element-92d355b elementor-widget elementor-widget-text-editor\" data-id=\"92d355b\" data-element_type=\"widget\" data-widget_type=\"text-editor.default\">\n\t\t\t\t<div class=\"elementor-widget-container\">\n\t\t\t<style>\/*! elementor - v3.5.5 - 03-02-2022 *\/\n.elementor-widget-text-editor.elementor-drop-cap-view-stacked .elementor-drop-cap{background-color:#818a91;color:#fff}.elementor-widget-text-editor.elementor-drop-cap-view-framed .elementor-drop-cap{color:#818a91;border:3px solid;background-color:transparent}.elementor-widget-text-editor:not(.elementor-drop-cap-view-default) .elementor-drop-cap{margin-top:8px}.elementor-widget-text-editor:not(.elementor-drop-cap-view-default) .elementor-drop-cap-letter{width:1em;height:1em}.elementor-widget-text-editor .elementor-drop-cap{float:left;text-align:center;line-height:1;font-size:50px}.elementor-widget-text-editor .elementor-drop-cap-letter{display:inline-block}<\/style>\t\t\t\t<h3><strong>Configura\u00e7\u00e3o B\u00e1sica para os Munic\u00edpios no Sistema SISLAM \u2013 Licenciamento<\/strong><\/h3>\n<h4><em>Perfil Administrador Municipal<\/em><\/h4>\t\t\t\t\t\t<\/div>\n\t\t\t\t<\/div>\n\t\t\t\t<div class=\"elementor-element elementor-element-9f056ac elementor-widget elementor-widget-image\" data-id=\"9f056ac\" data-element_type=\"widget\" data-widget_type=\"image.default\">\n\t\t\t\t<div class=\"elementor-widget-container\">\n\t\t\t\t\t\t\t\t\t\t\t\t\t\t\t<img loading=\"lazy\" decoding=\"async\" width=\"1024\" height=\"271\" src=\"https:\/\/sislam.pa.gov.br\/wp-content\/uploads\/2022\/02\/Diagrama3-1-1024x271.png\" class=\"attachment-large size-large\" alt=\"\" srcset=\"https:\/\/sislam.pa.gov.br\/wp-content\/uploads\/2022\/02\/Diagrama3-1-1024x271.png 1024w, https:\/\/sislam.pa.gov.br\/wp-content\/uploads\/2022\/02\/Diagrama3-1-300x80.png 300w, https:\/\/sislam.pa.gov.br\/wp-content\/uploads\/2022\/02\/Diagrama3-1-768x204.png 768w, https:\/\/sislam.pa.gov.br\/wp-content\/uploads\/2022\/02\/Diagrama3-1-1536x407.png 1536w, https:\/\/sislam.pa.gov.br\/wp-content\/uploads\/2022\/02\/Diagrama3-1-2048x543.png 2048w, https:\/\/sislam.pa.gov.br\/wp-content\/uploads\/2022\/02\/Diagrama3-1-1080x286.png 1080w, https:\/\/sislam.pa.gov.br\/wp-content\/uploads\/2022\/02\/Diagrama3-1-1280x339.png 1280w, https:\/\/sislam.pa.gov.br\/wp-content\/uploads\/2022\/02\/Diagrama3-1-980x260.png 980w, https:\/\/sislam.pa.gov.br\/wp-content\/uploads\/2022\/02\/Diagrama3-1-480x127.png 480w\" sizes=\"auto, (max-width: 1024px) 100vw, 1024px\" \/>\t\t\t\t\t\t\t\t\t\t\t\t\t\t\t<\/div>\n\t\t\t\t<\/div>\n\t\t\t\t\t<\/div>\n\t\t<\/div>\n\t\t\t\t\t\t\t<\/div>\n\t\t<\/section>\n\t\t\t\t<section class=\"elementor-section elementor-top-section elementor-element elementor-element-62892a0 elementor-section-boxed elementor-section-height-default elementor-section-height-default\" data-id=\"62892a0\" data-element_type=\"section\" data-settings=\"{&quot;_ha_eqh_enable&quot;:false}\">\n\t\t\t\t\t\t<div class=\"elementor-container elementor-column-gap-default\">\n\t\t\t\t\t<div class=\"elementor-column elementor-col-100 elementor-top-column elementor-element elementor-element-41af90a\" data-id=\"41af90a\" data-element_type=\"column\">\n\t\t\t<div class=\"elementor-widget-wrap elementor-element-populated\">\n\t\t\t\t\t\t\t\t<div class=\"elementor-element elementor-element-060d0a4 elementor-widget elementor-widget-text-editor\" data-id=\"060d0a4\" data-element_type=\"widget\" data-widget_type=\"text-editor.default\">\n\t\t\t\t<div class=\"elementor-widget-container\">\n\t\t\t\t\t\t\t<h3><strong>Configura\u00e7\u00e3o B\u00e1sica para o Empreendedor no Sistema SISLAM \u2013 Licenciamento<\/strong><\/h3>\t\t\t\t\t\t<\/div>\n\t\t\t\t<\/div>\n\t\t\t\t<div class=\"elementor-element elementor-element-de772f3 elementor-widget elementor-widget-image\" data-id=\"de772f3\" data-element_type=\"widget\" data-widget_type=\"image.default\">\n\t\t\t\t<div class=\"elementor-widget-container\">\n\t\t\t\t\t\t\t\t\t\t\t\t\t\t\t<img loading=\"lazy\" decoding=\"async\" width=\"1024\" height=\"483\" src=\"https:\/\/sislam.pa.gov.br\/wp-content\/uploads\/2022\/02\/Diagrama2-02-1024x483.png\" class=\"attachment-large size-large\" alt=\"\" srcset=\"https:\/\/sislam.pa.gov.br\/wp-content\/uploads\/2022\/02\/Diagrama2-02-1024x483.png 1024w, https:\/\/sislam.pa.gov.br\/wp-content\/uploads\/2022\/02\/Diagrama2-02-300x141.png 300w, https:\/\/sislam.pa.gov.br\/wp-content\/uploads\/2022\/02\/Diagrama2-02-768x362.png 768w, https:\/\/sislam.pa.gov.br\/wp-content\/uploads\/2022\/02\/Diagrama2-02-1536x724.png 1536w, https:\/\/sislam.pa.gov.br\/wp-content\/uploads\/2022\/02\/Diagrama2-02-2048x966.png 2048w, https:\/\/sislam.pa.gov.br\/wp-content\/uploads\/2022\/02\/Diagrama2-02-1080x509.png 1080w, https:\/\/sislam.pa.gov.br\/wp-content\/uploads\/2022\/02\/Diagrama2-02-1280x604.png 1280w, https:\/\/sislam.pa.gov.br\/wp-content\/uploads\/2022\/02\/Diagrama2-02-980x462.png 980w, https:\/\/sislam.pa.gov.br\/wp-content\/uploads\/2022\/02\/Diagrama2-02-480x226.png 480w\" sizes=\"auto, (max-width: 1024px) 100vw, 1024px\" \/>\t\t\t\t\t\t\t\t\t\t\t\t\t\t\t<\/div>\n\t\t\t\t<\/div>\n\t\t\t\t\t<\/div>\n\t\t<\/div>\n\t\t\t\t\t\t\t<\/div>\n\t\t<\/section>\n\t\t\t\t\t\t<\/div>\n\t\t\t\t\t<\/div>\n\t\t","protected":false},"excerpt":{"rendered":"<p>Material de Apoio Configura\u00e7\u00e3o B\u00e1sica para os Munic\u00edpios no Sistema SISLAM \u2013 Licenciamento Perfil Administrador Municipal Configura\u00e7\u00e3o B\u00e1sica para o Empreendedor no Sistema SISLAM \u2013 Licenciamento<\/p>\n","protected":false},"author":1,"featured_media":0,"parent":0,"menu_order":0,"comment_status":"closed","ping_status":"closed","template":"","meta":{"site-sidebar-layout":"no-sidebar","site-content-layout":"page-builder","ast-main-header-display":"","ast-hfb-above-header-display":"","ast-hfb-below-header-display":"","ast-hfb-mobile-header-display":"","site-post-title":"disabled","ast-breadcrumbs-content":"","ast-featured-img":"disabled","footer-sml-layout":"","theme-transparent-header-meta":"","adv-header-id-meta":"","stick-header-meta":"","header-above-stick-meta":"","header-main-stick-meta":"","header-below-stick-meta":"","footnotes":""},"class_list":["post-702","page","type-page","status-publish","hentry"],"_links":{"self":[{"href":"https:\/\/sislam.pa.gov.br\/index.php\/wp-json\/wp\/v2\/pages\/702","targetHints":{"allow":["GET"]}}],"collection":[{"href":"https:\/\/sislam.pa.gov.br\/index.php\/wp-json\/wp\/v2\/pages"}],"about":[{"href":"https:\/\/sislam.pa.gov.br\/index.php\/wp-json\/wp\/v2\/types\/page"}],"author":[{"embeddable":true,"href":"https:\/\/sislam.pa.gov.br\/index.php\/wp-json\/wp\/v2\/users\/1"}],"replies":[{"embeddable":true,"href":"https:\/\/sislam.pa.gov.br\/index.php\/wp-json\/wp\/v2\/comments?post=702"}],"version-history":[{"count":5,"href":"https:\/\/sislam.pa.gov.br\/index.php\/wp-json\/wp\/v2\/pages\/702\/revisions"}],"predecessor-version":[{"id":837,"href":"https:\/\/sislam.pa.gov.br\/index.php\/wp-json\/wp\/v2\/pages\/702\/revisions\/837"}],"wp:attachment":[{"href":"https:\/\/sislam.pa.gov.br\/index.php\/wp-json\/wp\/v2\/media?parent=702"}],"curies":[{"name":"wp","href":"https:\/\/api.w.org\/{rel}","templated":true}]}}